{"id":751,"date":"2017-04-22T18:09:23","date_gmt":"2017-04-22T18:09:23","guid":{"rendered":"http:\/\/www2.mariengarten.it\/zisterzienserinnen-kloster\/?page_id=751"},"modified":"2018-05-05T13:34:01","modified_gmt":"2018-05-05T13:34:01","slug":"geschichtliches","status":"publish","type":"page","link":"https:\/\/www.mariengarten.it\/zisterzienserinnen-kloster\/themen\/geschichtliches\/","title":{"rendered":"Geschichtliches"},"content":{"rendered":"<p><div class=\"kc-elm kc-css-710039 kc-row-container module\"><div class=\"wc-row row\"><div class=\"kc-wrap-columns\"><div class=\"kc-elm kc-css-104794 small-12 columns small-12\"><div class=\"kc-col-container\"><div class=\"kc-elm kc-css-309392 kc_shortcode kc_single_image\">\n\n        <img decoding=\"async\" src=\"https:\/\/www.mariengarten.it\/zisterzienserinnen-kloster\/wp-content\/uploads\/2017\/04\/1_Gruenderin_.jpg\" class=\"\" alt=\"\" \/>    <\/div>\n<\/div><\/div><div class=\"kc-elm kc-css-22708 small-12 columns small-12\"><div class=\"kc-col-container\"><div class=\"kc-elm kc-css-496176 kc_text_block\"><\/p>\n<h3>Geschichtliches<\/h3>\n<p>Der Orden der Zisterzienser ging im 11. Jahrhundert aus dem benediktinischen Reformkloster C\u00eeteaux unter den \u00c4bten Robert, Alberich und Stephan hervor und erfuhr im 12. Jahrhundert unter dem hl. Bernhard von Clairvaux einen kraftvollen Aufstieg. Schon bald lie\u00dfen sich auch Frauen vom Eifer der Zisterzienser begeistern und suchten einen Anschluss an den Orden. So entstanden im Laufe von wenigen Jahrzehnten viele Zisterzienserinnen-Kl\u00f6ster in ganz Europa.<\/p>\n<p>\n<\/div><\/div><\/div><\/div><\/div><\/div><div class=\"kc-elm kc-css-842436 kc-row-container module\"><div class=\"wc-row row\"><div class=\"kc-wrap-columns\"><div class=\"kc-elm kc-css-57125 small-12 columns small-12\"><div class=\"kc-col-container\"><div class=\"kc-elm kc-css-55110 kc_shortcode kc_single_image\">\n\n        <img decoding=\"async\" src=\"https:\/\/www.mariengarten.it\/zisterzienserinnen-kloster\/wp-content\/uploads\/2017\/04\/1a__Lichtenthal_Fahne.jpg\" class=\"\" alt=\"\" \/>    <\/div>\n<\/div><\/div><div class=\"kc-elm kc-css-326419 small-12 columns small-12\"><div class=\"kc-col-container\"><div class=\"kc-elm kc-css-846128 kc_text_block\"><\/p>\n<h3>Wie Mariengarten entstand<\/h3>\n<p>Die Abtei Mariengarten wurde 1883 von der Abtei Lichtenthal, Baden-Baden (D) gegr\u00fcndet. Der Kern des Geb\u00e4udekomplexes Mariengarten wird als Hof Blaze (Curtis Blazes) bereits 1189 urkundlich erw\u00e4hnt. Ende des 14. Jahrhunderts wurde der adelige Ansitz samt Besitzungen an das Pr\u00e4monstratenser-Stift Wilten bei Innsbruck verkauft. Als Weingut blieb es 400 Jahre in dessen Besitz.<\/p>\n<p>Nach der S\u00e4kularisation unter der bayrischen Regierung in Tirol 1805 wechselte der Ansitz \u201eBloashof\u201c mehrmals seine Besitzer. Unter anderen erwarben ihn die Freiherren von Call, der Graf Wickenburg und die Herren von Putzer vom Tschidererhof.<\/p>\n<p>Schlie\u00dflich waren es die Zisterzienserinnen von Lichtenthal in Baden-Baden (D), die den Bloshof kauften. W\u00e4hrend des Kulturkampfes unter Bismarck bef\u00fcrchteten sie, dass ihr Kloster aufgehoben werde. Der Bloshof sollte als Noviziatshaus dienen und f\u00fcr den Ernstfall eine Asylst\u00e4tte f\u00fcr die Schwestern sein.<\/p>\n<p>\n<\/div><\/div><\/div><\/div><\/div><\/div><div class=\"kc-elm kc-css-305161 kc-row-container module\"><div class=\"wc-row row\"><div class=\"kc-wrap-columns\"><div class=\"kc-elm kc-css-973690 small-12 columns small-12\"><div class=\"kc-col-container\"><div class=\"kc-elm kc-css-439045 kc_shortcode kc_single_image\">\n\n        <img decoding=\"async\" src=\"https:\/\/www.mariengarten.it\/zisterzienserinnen-kloster\/wp-content\/uploads\/2017\/04\/3_alte_Ansicht_Mariengarten.jpg\" class=\"\" alt=\"\" \/>    <\/div>\n<\/div><\/div><div class=\"kc-elm kc-css-68960 small-12 columns small-12\"><div class=\"kc-col-container\"><div class=\"kc-elm kc-css-979628 kc_text_block\"><\/p>\n<h3>Gr\u00fcndung und Aufbau<\/h3>\n<p>Der 1. Mai 1883 gilt als Gr\u00fcndungsdatum des Klosters. Es ist der Tag, an dem erstmals in den alten Geb\u00e4uden das gemeinsame Chorgebet gesungen wurde. Die Gr\u00fcnderin \u00c4btissin Frau Magdalena Kollefrath von Lichtenthal und die Schwestern, die nun hier wohnten, nannten den Bloashof zuerst St. Josefs Kloster, ab 1886 Mariengarten.<\/p>\n<p>In jenem Jahr konnte bereits eine M\u00e4dchenschule er\u00f6ffnet werden. Schon bald erhielt die Schule die staatliche Genehmigung und hie\u00df &#8222;Privat-, Lehr- und Erziehungsanstalt&#8220;; sie erfreute sich gro\u00dfen Zulaufs. Das Bestreben, die Gemeinschaft zu festigen und rege Baut\u00e4tigkeit kennzeichnen die ersten Jahre der Neugr\u00fcndung. Ein Schultrakt, die Kirche, die Abtei und Kaplanei mit G\u00e4stetrakt wurden gebaut. Es war eine harte Zeit voll von Entbehrungen und Opfern.<\/p>\n<p>1914 wurde das Priorat zur Abtei erhoben. Die bisherige Priorin M. Charitas Thoma wurde zur 1. \u00c4btissin von Mariengarten ernannt.<br \/>Die Zeit des Faschismus in Italien war auch f\u00fcr das Kloster eine Zeit der Pr\u00fcfung und nicht immer leichter Entscheidungen. Trotzdem war es eine gute Zeit: Inneres und \u00e4u\u00dferes Wachstum kennzeichnen sie. Die Gemeinschaft unter der Leitung von Frau \u00c4btissin Beatrix Welte z\u00e4hlte bis zu 40 Schwestern.<\/p>\n<p>Die Schule hatte einen regen Zulauf: Viele Sch\u00fclerinnen spielten ein Instrument, Theaterst\u00fccke wurden aufgef\u00fchrt und es gab sportliche Wettbewerbe. Nach einer kurzen Unterbrechung w\u00e4hrend des Zweiten Weltkrieges nahmen die Schwestern den Unterricht wieder auf und f\u00fchrten dazu einen Kindergarten nach der Montessori Methode.<\/p>\n<p>Unsere private Mittelschule mit Internat, seit 2003 den staatlichen Schulen gleichgestellt, hat einen guten Ruf. Die Eltern unserer Sch\u00fclerinnen und Sch\u00fcler sch\u00e4tzen die gediegene Erziehungsarbeit.<\/p>\n<p>\n<\/div><\/div><\/div><\/div><\/div><\/div><\/p>\n","protected":false},"excerpt":{"rendered":"","protected":false},"author":2,"featured_media":0,"parent":156,"menu_order":0,"comment_status":"closed","ping_status":"closed","template":"","meta":{"footnotes":""},"class_list":["post-751","page","type-page","status-publish","hentry"],"_links":{"self":[{"href":"https:\/\/www.mariengarten.it\/zisterzienserinnen-kloster\/wp-json\/wp\/v2\/pages\/751","targetHints":{"allow":["GET"]}}],"collection":[{"href":"https:\/\/www.mariengarten.it\/zisterzienserinnen-kloster\/wp-json\/wp\/v2\/pages"}],"about":[{"href":"https:\/\/www.mariengarten.it\/zisterzienserinnen-kloster\/wp-json\/wp\/v2\/types\/page"}],"author":[{"embeddable":true,"href":"https:\/\/www.mariengarten.it\/zisterzienserinnen-kloster\/wp-json\/wp\/v2\/users\/2"}],"replies":[{"embeddable":true,"href":"https:\/\/www.mariengarten.it\/zisterzienserinnen-kloster\/wp-json\/wp\/v2\/comments?post=751"}],"version-history":[{"count":9,"href":"https:\/\/www.mariengarten.it\/zisterzienserinnen-kloster\/wp-json\/wp\/v2\/pages\/751\/revisions"}],"predecessor-version":[{"id":1350,"href":"https:\/\/www.mariengarten.it\/zisterzienserinnen-kloster\/wp-json\/wp\/v2\/pages\/751\/revisions\/1350"}],"up":[{"embeddable":true,"href":"https:\/\/www.mariengarten.it\/zisterzienserinnen-kloster\/wp-json\/wp\/v2\/pages\/156"}],"wp:attachment":[{"href":"https:\/\/www.mariengarten.it\/zisterzienserinnen-kloster\/wp-json\/wp\/v2\/media?parent=751"}],"curies":[{"name":"wp","href":"https:\/\/api.w.org\/{rel}","templated":true}]}}

<p><div class="kc-elm kc-css-710039 kc-row-container module"><div class="wc-row row"><div class="kc-wrap-columns"><div class="kc-elm kc-css-104794 small-12 columns small-12"><div class="kc-col-container"><div class="kc-elm kc-css-309392 kc_shortcode kc_single_image">

        <img decoding="async" src="https://www.mariengarten.it/zisterzienserinnen-kloster/wp-content/uploads/2017/04/1_Gruenderin_.jpg" class="" alt="" />    </div>
</div></div><div class="kc-elm kc-css-22708 small-12 columns small-12"><div class="kc-col-container"><div class="kc-elm kc-css-496176 kc_text_block"></p>
<h3>Geschichtliches</h3>
<p>Der Orden der Zisterzienser ging im 11. Jahrhundert aus dem benediktinischen Reformkloster Cîteaux unter den Äbten Robert, Alberich und Stephan hervor und erfuhr im 12. Jahrhundert unter dem hl. Bernhard von Clairvaux einen kraftvollen Aufstieg. Schon bald ließen sich auch Frauen vom Eifer der Zisterzienser begeistern und suchten einen Anschluss an den Orden. So entstanden im Laufe von wenigen Jahrzehnten viele Zisterzienserinnen-Klöster in ganz Europa.</p>
<p>
</div></div></div></div></div></div><div class="kc-elm kc-css-842436 kc-row-container module"><div class="wc-row row"><div class="kc-wrap-columns"><div class="kc-elm kc-css-57125 small-12 columns small-12"><div class="kc-col-container"><div class="kc-elm kc-css-55110 kc_shortcode kc_single_image">

        <img decoding="async" src="https://www.mariengarten.it/zisterzienserinnen-kloster/wp-content/uploads/2017/04/1a__Lichtenthal_Fahne.jpg" class="" alt="" />    </div>
</div></div><div class="kc-elm kc-css-326419 small-12 columns small-12"><div class="kc-col-container"><div class="kc-elm kc-css-846128 kc_text_block"></p>
<h3>Wie Mariengarten entstand</h3>
<p>Die Abtei Mariengarten wurde 1883 von der Abtei Lichtenthal, Baden-Baden (D) gegründet. Der Kern des Gebäudekomplexes Mariengarten wird als Hof Blaze (Curtis Blazes) bereits 1189 urkundlich erwähnt. Ende des 14. Jahrhunderts wurde der adelige Ansitz samt Besitzungen an das Prämonstratenser-Stift Wilten bei Innsbruck verkauft. Als Weingut blieb es 400 Jahre in dessen Besitz.</p>
<p>Nach der Säkularisation unter der bayrischen Regierung in Tirol 1805 wechselte der Ansitz „Bloashof“ mehrmals seine Besitzer. Unter anderen erwarben ihn die Freiherren von Call, der Graf Wickenburg und die Herren von Putzer vom Tschidererhof.</p>
<p>Schließlich waren es die Zisterzienserinnen von Lichtenthal in Baden-Baden (D), die den Bloshof kauften. Während des Kulturkampfes unter Bismarck befürchteten sie, dass ihr Kloster aufgehoben werde. Der Bloshof sollte als Noviziatshaus dienen und für den Ernstfall eine Asylstätte für die Schwestern sein.</p>
<p>
</div></div></div></div></div></div><div class="kc-elm kc-css-305161 kc-row-container module"><div class="wc-row row"><div class="kc-wrap-columns"><div class="kc-elm kc-css-973690 small-12 columns small-12"><div class="kc-col-container"><div class="kc-elm kc-css-439045 kc_shortcode kc_single_image">

        <img decoding="async" src="https://www.mariengarten.it/zisterzienserinnen-kloster/wp-content/uploads/2017/04/3_alte_Ansicht_Mariengarten.jpg" class="" alt="" />    </div>
</div></div><div class="kc-elm kc-css-68960 small-12 columns small-12"><div class="kc-col-container"><div class="kc-elm kc-css-979628 kc_text_block"></p>
<h3>Gründung und Aufbau</h3>
<p>Der 1. Mai 1883 gilt als Gründungsdatum des Klosters. Es ist der Tag, an dem erstmals in den alten Gebäuden das gemeinsame Chorgebet gesungen wurde. Die Gründerin Äbtissin Frau Magdalena Kollefrath von Lichtenthal und die Schwestern, die nun hier wohnten, nannten den Bloashof zuerst St. Josefs Kloster, ab 1886 Mariengarten.</p>
<p>In jenem Jahr konnte bereits eine Mädchenschule eröffnet werden. Schon bald erhielt die Schule die staatliche Genehmigung und hieß &#8222;Privat-, Lehr- und Erziehungsanstalt&#8220;; sie erfreute sich großen Zulaufs. Das Bestreben, die Gemeinschaft zu festigen und rege Bautätigkeit kennzeichnen die ersten Jahre der Neugründung. Ein Schultrakt, die Kirche, die Abtei und Kaplanei mit Gästetrakt wurden gebaut. Es war eine harte Zeit voll von Entbehrungen und Opfern.</p>
<p>1914 wurde das Priorat zur Abtei erhoben. Die bisherige Priorin M. Charitas Thoma wurde zur 1. Äbtissin von Mariengarten ernannt.<br />Die Zeit des Faschismus in Italien war auch für das Kloster eine Zeit der Prüfung und nicht immer leichter Entscheidungen. Trotzdem war es eine gute Zeit: Inneres und äußeres Wachstum kennzeichnen sie. Die Gemeinschaft unter der Leitung von Frau Äbtissin Beatrix Welte zählte bis zu 40 Schwestern.</p>
<p>Die Schule hatte einen regen Zulauf: Viele Schülerinnen spielten ein Instrument, Theaterstücke wurden aufgeführt und es gab sportliche Wettbewerbe. Nach einer kurzen Unterbrechung während des Zweiten Weltkrieges nahmen die Schwestern den Unterricht wieder auf und führten dazu einen Kindergarten nach der Montessori Methode.</p>
<p>Unsere private Mittelschule mit Internat, seit 2003 den staatlichen Schulen gleichgestellt, hat einen guten Ruf. Die Eltern unserer Schülerinnen und Schüler schätzen die gediegene Erziehungsarbeit.</p>
<p>
</div></div></div></div></div></div></p>
