{"id":740,"date":"2017-04-22T17:51:59","date_gmt":"2017-04-22T17:51:59","guid":{"rendered":"http:\/\/www2.mariengarten.it\/zisterzienserinnen-kloster\/?page_id=740"},"modified":"2018-05-06T07:39:15","modified_gmt":"2018-05-06T07:39:15","slug":"weg-ins-kloster","status":"publish","type":"page","link":"https:\/\/www.mariengarten.it\/zisterzienserinnen-kloster\/themen\/weg-ins-kloster\/","title":{"rendered":"Weg ins Kloster"},"content":{"rendered":"<p><div class=\"kc-elm kc-css-297735 kc-row-container module\"><div class=\"wc-row row\"><div class=\"kc-wrap-columns\"><div class=\"kc-elm kc-css-357237 small-12 columns small-12\"><div class=\"kc-col-container\"><div class=\"kc-elm kc-css-369120 kc_shortcode kc_single_image\">\n\n        <img decoding=\"async\" src=\"https:\/\/www.mariengarten.it\/zisterzienserinnen-kloster\/wp-content\/uploads\/2018\/05\/0-18-Kloster-S\u00fcdtirol-Marienagen-1JPG-1.jpg\" class=\"\" alt=\"\" \/>    <\/div>\n<\/div><\/div><div class=\"kc-elm kc-css-95012 small-12 columns small-12\"><div class=\"kc-col-container\"><div class=\"kc-elm kc-css-474850 kc_text_block\"><\/p>\n<h3>Was ist monastische Berufung ?<\/h3>\n<ul>\n<li>Die Entscheidung f\u00fcr ein Leben mit Gott in einer Gemeinschaft<\/li>\n<li>Ein Leben in Einfachheit, in Kontakt mit der Natur, ausgerichtet auf die Bewahrung der Sch\u00f6pfung.<\/li>\n<li>Ein Leben im Geist unserer Ordensv\u00e4ter und Ordensm\u00fctter: Gebet, Gottsuche, Ma\u00dfhalten, Schweigen, Geschwisterlichkeit.<\/li>\n<li>Berufung ist eine innere Stimme, eine tiefe Bewegung des Herzens, ein Sich-hingezogen-f\u00fchlen zu einem Leben mit Gott; Antwort geben, Sich-darauf-einlassen, bef\u00e4higt einen, sich ganz zur Verf\u00fcgung zu stellen nach dem Beispiel des jungen Samuel, der sagte: \u201eHier bin ich. &#8230; Rede, Herr, dein Diener h\u00f6rt\u201c (1Sam 3)<\/li>\n<\/ul>\n<p>\n<\/div><\/div><\/div><\/div><\/div><\/div><div class=\"kc-elm kc-css-687754 kc-row-container module\"><div class=\"wc-row row\"><div class=\"kc-wrap-columns\"><div class=\"kc-elm kc-css-774267 small-12 columns small-12\"><div class=\"kc-col-container\"><div class=\"kc-elm kc-css-55325 kc_shortcode kc_single_image\">\n\n        <img decoding=\"async\" src=\"https:\/\/www.mariengarten.it\/zisterzienserinnen-kloster\/wp-content\/uploads\/2018\/05\/IMG_6743a-3.jpg\" class=\"\" alt=\"\" \/>    <\/div>\n<\/div><\/div><div class=\"kc-elm kc-css-402327 small-12 columns small-12\"><div class=\"kc-col-container\"><div class=\"kc-elm kc-css-10279 kc_text_block\"><\/p>\n<h3>Glaubst Du berufen zu sein?<\/h3>\n<p>Suchst Du ein Kloster, ein Kloster in S\u00fcdtirol, in das Du eintreten willst? Wie findest Du das Richtige f\u00fcr Dich? Jesus sagte, als er die ersten J\u00fcnger rief, und diese noch unsicher waren, ob sie ihm folgen sollten: \u201eKommt und seht!\u201c (Joh 1,39).<\/p>\n<p>Um Mariengarten kennen zu lernen, gibt es folgende M\u00f6glichkeiten:<\/p>\n<ol>\n<li>Ein Besuch, um das Ambiente kennen zu lernen<\/li>\n<li>Ein Wochenende zum Kennen lernen<\/li>\n<li>Kloster auf Zeit (zu vereinbaren)<\/li>\n<\/ol>\n<p>\n<\/div><\/div><\/div><\/div><\/div><\/div><div class=\"kc-elm kc-css-804870 kc-row-container module\"><div class=\"wc-row row\"><div class=\"kc-wrap-columns\"><div class=\"kc-elm kc-css-66483 small-12 columns small-12\"><div class=\"kc-col-container\"><div class=\"kc-elm kc-css-48641 kc_shortcode kc_single_image\">\n\n        <img decoding=\"async\" src=\"https:\/\/www.mariengarten.it\/zisterzienserinnen-kloster\/wp-content\/uploads\/2018\/05\/0-18-Kloster-S\u00fcdtirol-Marienagen-Gespr\u00e4ch-1.jpg\" class=\"\" alt=\"\" \/>    <\/div>\n<\/div><\/div><div class=\"kc-elm kc-css-405343 small-12 columns small-12\"><div class=\"kc-col-container\"><div class=\"kc-elm kc-css-731360 kc_text_block\"><\/p>\n<p>Wenn Du interessiert bist, Informationen m\u00f6chtest und ganz unverbindlich unser Kloster, unsere Gemeinschaft, unser Leben kennen lernen willst, dann kontaktiere:<\/p>\n<p>Sr. Irmengard Senoner<br \/>\nZisterzienserinnen-Kloster Mariengarten<br \/>\n39057 St. Pauls \u2013 Eppan<\/p>\n<p>Tel +39 (0)471 662 188<br \/>\nFax +39 (0)471 660 959<br \/>\nmailto:abtei@mariengarten.it<\/p>\n<p>\n<\/div><\/div><\/div><\/div><\/div><\/div><div class=\"kc-elm kc-css-228793 kc-row-container module\"><div class=\"wc-row row\"><div class=\"kc-wrap-columns\"><div class=\"kc-elm kc-css-600496 small-12 columns small-12\"><div class=\"kc-col-container\"><div class=\"kc-elm kc-css-274610 kc_shortcode kc_single_image\">\n\n        <img decoding=\"async\" src=\"https:\/\/www.mariengarten.it\/zisterzienserinnen-kloster\/wp-content\/uploads\/2018\/05\/0-18-Kloster-S\u00fcdtirol-Marienagen-2JPG.jpg\" class=\"\" alt=\"\" \/>    <\/div>\n<\/div><\/div><div class=\"kc-elm kc-css-601528 small-12 columns small-12\"><div class=\"kc-col-container\"><div class=\"kc-elm kc-css-596645 kc_text_block\"><\/p>\n<h3>Zur Information<\/h3>\n<p>Die kl\u00f6sterliche Ausbildung beginnt mit der Kandidatur, die sechs bis zw\u00f6lf Monate dauert. Dann folgt das Noviziat, ein Lernjahr, in dem die Novizin in das kl\u00f6sterliche Leben eingef\u00fchrt wird, sich pr\u00fcft und sich intensiv mit dem Ordensleben und dessen Spiritualit\u00e4t befasst. Es schlie\u00dft mit der Ablegung der Gel\u00fcbde f\u00fcr drei Jahre. In diesem Triennium \u00fcbernimmt die Schwester einige Aufgaben, doch bleibt es eine Zeit der weiteren Ausbildung. Erst nach dieser Bew\u00e4hrungszeit gelobt sie in der feierlichen Profess Armut, Keuschheit und Gehorsam, Best\u00e4ndigkeit und kl\u00f6sterlichen Lebenswandel. Damit bindet sich die Schwester an die Gemeinschaft und schenkt sich ganz Gott.<\/p>\n<p>\n<\/div><\/div><\/div><\/div><\/div><\/div><\/p>\n","protected":false},"excerpt":{"rendered":"","protected":false},"author":2,"featured_media":0,"parent":156,"menu_order":0,"comment_status":"closed","ping_status":"closed","template":"","meta":{"footnotes":""},"class_list":["post-740","page","type-page","status-publish","hentry"],"_links":{"self":[{"href":"https:\/\/www.mariengarten.it\/zisterzienserinnen-kloster\/wp-json\/wp\/v2\/pages\/740","targetHints":{"allow":["GET"]}}],"collection":[{"href":"https:\/\/www.mariengarten.it\/zisterzienserinnen-kloster\/wp-json\/wp\/v2\/pages"}],"about":[{"href":"https:\/\/www.mariengarten.it\/zisterzienserinnen-kloster\/wp-json\/wp\/v2\/types\/page"}],"author":[{"embeddable":true,"href":"https:\/\/www.mariengarten.it\/zisterzienserinnen-kloster\/wp-json\/wp\/v2\/users\/2"}],"replies":[{"embeddable":true,"href":"https:\/\/www.mariengarten.it\/zisterzienserinnen-kloster\/wp-json\/wp\/v2\/comments?post=740"}],"version-history":[{"count":15,"href":"https:\/\/www.mariengarten.it\/zisterzienserinnen-kloster\/wp-json\/wp\/v2\/pages\/740\/revisions"}],"predecessor-version":[{"id":1354,"href":"https:\/\/www.mariengarten.it\/zisterzienserinnen-kloster\/wp-json\/wp\/v2\/pages\/740\/revisions\/1354"}],"up":[{"embeddable":true,"href":"https:\/\/www.mariengarten.it\/zisterzienserinnen-kloster\/wp-json\/wp\/v2\/pages\/156"}],"wp:attachment":[{"href":"https:\/\/www.mariengarten.it\/zisterzienserinnen-kloster\/wp-json\/wp\/v2\/media?parent=740"}],"curies":[{"name":"wp","href":"https:\/\/api.w.org\/{rel}","templated":true}]}}

<p><div class="kc-elm kc-css-297735 kc-row-container module"><div class="wc-row row"><div class="kc-wrap-columns"><div class="kc-elm kc-css-357237 small-12 columns small-12"><div class="kc-col-container"><div class="kc-elm kc-css-369120 kc_shortcode kc_single_image">

        <img decoding="async" src="https://www.mariengarten.it/zisterzienserinnen-kloster/wp-content/uploads/2018/05/0-18-Kloster-Südtirol-Marienagen-1JPG-1.jpg" class="" alt="" />    </div>
</div></div><div class="kc-elm kc-css-95012 small-12 columns small-12"><div class="kc-col-container"><div class="kc-elm kc-css-474850 kc_text_block"></p>
<h3>Was ist monastische Berufung ?</h3>
<ul>
<li>Die Entscheidung für ein Leben mit Gott in einer Gemeinschaft</li>
<li>Ein Leben in Einfachheit, in Kontakt mit der Natur, ausgerichtet auf die Bewahrung der Schöpfung.</li>
<li>Ein Leben im Geist unserer Ordensväter und Ordensmütter: Gebet, Gottsuche, Maßhalten, Schweigen, Geschwisterlichkeit.</li>
<li>Berufung ist eine innere Stimme, eine tiefe Bewegung des Herzens, ein Sich-hingezogen-fühlen zu einem Leben mit Gott; Antwort geben, Sich-darauf-einlassen, befähigt einen, sich ganz zur Verfügung zu stellen nach dem Beispiel des jungen Samuel, der sagte: „Hier bin ich. &#8230; Rede, Herr, dein Diener hört“ (1Sam 3)</li>
</ul>
<p>
</div></div></div></div></div></div><div class="kc-elm kc-css-687754 kc-row-container module"><div class="wc-row row"><div class="kc-wrap-columns"><div class="kc-elm kc-css-774267 small-12 columns small-12"><div class="kc-col-container"><div class="kc-elm kc-css-55325 kc_shortcode kc_single_image">

        <img decoding="async" src="https://www.mariengarten.it/zisterzienserinnen-kloster/wp-content/uploads/2018/05/IMG_6743a-3.jpg" class="" alt="" />    </div>
</div></div><div class="kc-elm kc-css-402327 small-12 columns small-12"><div class="kc-col-container"><div class="kc-elm kc-css-10279 kc_text_block"></p>
<h3>Glaubst Du berufen zu sein?</h3>
<p>Suchst Du ein Kloster, ein Kloster in Südtirol, in das Du eintreten willst? Wie findest Du das Richtige für Dich? Jesus sagte, als er die ersten Jünger rief, und diese noch unsicher waren, ob sie ihm folgen sollten: „Kommt und seht!“ (Joh 1,39).</p>
<p>Um Mariengarten kennen zu lernen, gibt es folgende Möglichkeiten:</p>
<ol>
<li>Ein Besuch, um das Ambiente kennen zu lernen</li>
<li>Ein Wochenende zum Kennen lernen</li>
<li>Kloster auf Zeit (zu vereinbaren)</li>
</ol>
<p>
</div></div></div></div></div></div><div class="kc-elm kc-css-804870 kc-row-container module"><div class="wc-row row"><div class="kc-wrap-columns"><div class="kc-elm kc-css-66483 small-12 columns small-12"><div class="kc-col-container"><div class="kc-elm kc-css-48641 kc_shortcode kc_single_image">

        <img decoding="async" src="https://www.mariengarten.it/zisterzienserinnen-kloster/wp-content/uploads/2018/05/0-18-Kloster-Südtirol-Marienagen-Gespräch-1.jpg" class="" alt="" />    </div>
</div></div><div class="kc-elm kc-css-405343 small-12 columns small-12"><div class="kc-col-container"><div class="kc-elm kc-css-731360 kc_text_block"></p>
<p>Wenn Du interessiert bist, Informationen möchtest und ganz unverbindlich unser Kloster, unsere Gemeinschaft, unser Leben kennen lernen willst, dann kontaktiere:</p>
<p>Sr. Irmengard Senoner<br />
Zisterzienserinnen-Kloster Mariengarten<br />
39057 St. Pauls – Eppan</p>
<p>Tel +39 (0)471 662 188<br />
Fax +39 (0)471 660 959<br />
mailto:abtei@mariengarten.it</p>
<p>
</div></div></div></div></div></div><div class="kc-elm kc-css-228793 kc-row-container module"><div class="wc-row row"><div class="kc-wrap-columns"><div class="kc-elm kc-css-600496 small-12 columns small-12"><div class="kc-col-container"><div class="kc-elm kc-css-274610 kc_shortcode kc_single_image">

        <img decoding="async" src="https://www.mariengarten.it/zisterzienserinnen-kloster/wp-content/uploads/2018/05/0-18-Kloster-Südtirol-Marienagen-2JPG.jpg" class="" alt="" />    </div>
</div></div><div class="kc-elm kc-css-601528 small-12 columns small-12"><div class="kc-col-container"><div class="kc-elm kc-css-596645 kc_text_block"></p>
<h3>Zur Information</h3>
<p>Die klösterliche Ausbildung beginnt mit der Kandidatur, die sechs bis zwölf Monate dauert. Dann folgt das Noviziat, ein Lernjahr, in dem die Novizin in das klösterliche Leben eingeführt wird, sich prüft und sich intensiv mit dem Ordensleben und dessen Spiritualität befasst. Es schließt mit der Ablegung der Gelübde für drei Jahre. In diesem Triennium übernimmt die Schwester einige Aufgaben, doch bleibt es eine Zeit der weiteren Ausbildung. Erst nach dieser Bewährungszeit gelobt sie in der feierlichen Profess Armut, Keuschheit und Gehorsam, Beständigkeit und klösterlichen Lebenswandel. Damit bindet sich die Schwester an die Gemeinschaft und schenkt sich ganz Gott.</p>
<p>
</div></div></div></div></div></div></p>
