{"id":719,"date":"2017-04-22T11:54:59","date_gmt":"2017-04-22T11:54:59","guid":{"rendered":"http:\/\/www2.mariengarten.it\/zisterzienserinnen-kloster\/?page_id=719"},"modified":"2017-05-13T16:55:00","modified_gmt":"2017-05-13T16:55:00","slug":"spiritualitaet","status":"publish","type":"page","link":"https:\/\/www.mariengarten.it\/zisterzienserinnen-kloster\/themen\/spiritualitaet\/","title":{"rendered":"Spiritualit\u00e4t"},"content":{"rendered":"<p><div class=\"kc-elm kc-css-293451 kc-row-container module\"><div class=\"wc-row row\"><div class=\"kc-wrap-columns\"><div class=\"kc-elm kc-css-634949 small-12 columns small-12\"><div class=\"kc-col-container\"><div class=\"kc-elm kc-css-650744 kc_text_block\"><\/p>\n<h3>Unsere Ordensv\u00e4ter<\/h3>\n<p>\n<\/div><\/div><\/div><\/div><\/div><\/div><div class=\"kc-elm kc-css-613077 kc-row-container module\"><div class=\"wc-row row\"><div class=\"kc-wrap-columns\"><div class=\"kc-elm kc-css-115456 small-12 columns small-12\"><div class=\"kc-col-container\"><div class=\"kc-elm kc-css-308147 kc_shortcode kc_single_image\">\n\n        <img decoding=\"async\" src=\"https:\/\/www.mariengarten.it\/zisterzienserinnen-kloster\/wp-content\/uploads\/2017\/04\/Hl_Benedikt.jpg\" class=\"\" alt=\"\" \/>    <\/div>\n<\/div><\/div><div class=\"kc-elm kc-css-451570 small-12 columns small-12\"><div class=\"kc-col-container\"><div class=\"kc-elm kc-css-901439 kc_text_block\"><\/p>\n<h4>Heiliger Benedikt<\/h4>\n<p>Wir leben nach der Regel des hl. Benedikt von Nursia und im Geist einer \u00fcber 900j\u00e4hrigen Tradition unserer Ordensv\u00e4ter von C\u00eeteaux.<br \/>\nAus der Regel des hl. Benedikt:<br \/>\n\u201eNeige deines Herzens Ohr\u201c (Regel Benedikts, Prolog)<br \/>\n\u201eWer im kl\u00f6sterlichen Leben und im Glauben fortschreitet, dem wird das Herz weit, und er l\u00e4uft in unsagbarem Gl\u00fcck der Liebe den Weg der Gebote Gottes\u201c (Regel Benedikts, Prolog)<br \/>\n\u201eDem Gottesdienst soll nichts vorgezogen werden\u201c. (Regel Benedikts 43,3)<\/p>\n<p>\n<\/div><\/div><\/div><\/div><\/div><\/div><div class=\"kc-elm kc-css-626590 kc-row-container module\"><div class=\"wc-row row\"><div class=\"kc-wrap-columns\"><div class=\"kc-elm kc-css-552890 small-12 columns small-12\"><div class=\"kc-col-container\"><div class=\"kc-elm kc-css-574093 kc_shortcode kc_single_image\">\n\n        <img decoding=\"async\" src=\"https:\/\/www.mariengarten.it\/zisterzienserinnen-kloster\/wp-content\/uploads\/2017\/04\/Hl_Bernhard_02.jpg\" class=\"\" alt=\"\" \/>    <\/div>\n<\/div><\/div><div class=\"kc-elm kc-css-884041 small-12 columns small-12\"><div class=\"kc-col-container\"><div class=\"kc-elm kc-css-640114 kc_text_block\"><\/p>\n<h4>Heiliger Bernhard<\/h4>\n<p>Der hl. Bernhard von Clairvaux (1090-1153) pr\u00e4gt unser geistliches Leben, hat er doch in vielen Schriften und Briefen unserem damals noch jungen Orden eine entscheidende Richtung f\u00fcr ein Leben mit Gott und in einer Gemeinschaft gegeben.<br \/>\nAus den Schriften des hl. Bernhard:<br \/>\n\u201eJeder Mensch, der Gott sucht, soll wissen, dass ihm Gott zuvor gekommen ist und ihn schon gesucht hat, noch ehe er ihn suchte.\u201c<br \/>\n\u201eDu musst nicht \u00fcber die Meere reisen, musst keine Wolken durchsto\u00dfen und musst nicht die Alpen \u00fcberqueren. Der Weg, der dir gezeigt wird, ist nicht weit. Du musst deinem Gott nur bis zu dir selbst entgegen gehen.<\/p>\n<p>\n<\/div><\/div><\/div><\/div><\/div><\/div><\/p>\n","protected":false},"excerpt":{"rendered":"","protected":false},"author":2,"featured_media":0,"parent":156,"menu_order":0,"comment_status":"closed","ping_status":"closed","template":"","meta":{"footnotes":""},"class_list":["post-719","page","type-page","status-publish","hentry"],"_links":{"self":[{"href":"https:\/\/www.mariengarten.it\/zisterzienserinnen-kloster\/wp-json\/wp\/v2\/pages\/719","targetHints":{"allow":["GET"]}}],"collection":[{"href":"https:\/\/www.mariengarten.it\/zisterzienserinnen-kloster\/wp-json\/wp\/v2\/pages"}],"about":[{"href":"https:\/\/www.mariengarten.it\/zisterzienserinnen-kloster\/wp-json\/wp\/v2\/types\/page"}],"author":[{"embeddable":true,"href":"https:\/\/www.mariengarten.it\/zisterzienserinnen-kloster\/wp-json\/wp\/v2\/users\/2"}],"replies":[{"embeddable":true,"href":"https:\/\/www.mariengarten.it\/zisterzienserinnen-kloster\/wp-json\/wp\/v2\/comments?post=719"}],"version-history":[{"count":7,"href":"https:\/\/www.mariengarten.it\/zisterzienserinnen-kloster\/wp-json\/wp\/v2\/pages\/719\/revisions"}],"predecessor-version":[{"id":876,"href":"https:\/\/www.mariengarten.it\/zisterzienserinnen-kloster\/wp-json\/wp\/v2\/pages\/719\/revisions\/876"}],"up":[{"embeddable":true,"href":"https:\/\/www.mariengarten.it\/zisterzienserinnen-kloster\/wp-json\/wp\/v2\/pages\/156"}],"wp:attachment":[{"href":"https:\/\/www.mariengarten.it\/zisterzienserinnen-kloster\/wp-json\/wp\/v2\/media?parent=719"}],"curies":[{"name":"wp","href":"https:\/\/api.w.org\/{rel}","templated":true}]}}