{"id":690,"date":"2017-04-22T11:37:11","date_gmt":"2017-04-22T11:37:11","guid":{"rendered":"http:\/\/www2.mariengarten.it\/zisterzienserinnen-kloster\/?page_id=690"},"modified":"2018-04-29T19:48:19","modified_gmt":"2018-04-29T19:48:19","slug":"gebet","status":"publish","type":"page","link":"https:\/\/www.mariengarten.it\/zisterzienserinnen-kloster\/themen\/gebet\/","title":{"rendered":"Gebet"},"content":{"rendered":"<p><div class=\"kc-elm kc-css-213563 kc-row-container module\"><div class=\"wc-row row\"><div class=\"kc-wrap-columns\"><div class=\"kc-elm kc-css-762268 small-12 columns small-12\"><div class=\"kc-col-container\"><div class=\"kc-elm kc-css-393124 kc_shortcode kc_single_image\">\n\n        <img decoding=\"async\" src=\"https:\/\/www.mariengarten.it\/zisterzienserinnen-kloster\/wp-content\/uploads\/2018\/04\/0-P1210301-1.jpg\" class=\"\" alt=\"\" \/>    <\/div>\n<\/div><\/div><div class=\"kc-elm kc-css-477997 small-12 columns small-12\"><div class=\"kc-col-container\"><div class=\"kc-elm kc-css-367587 kc_text_block\"><\/p>\n<p>\nTreu den Idealen des Zisterzienserordens wollen wir Schwestern in allem Gott suchen in aller Einfachheit und Demut mit dem Blick auf Jesus Christus, der uns in seine Nachfolge ruft. Dieses Leben erfordert eine gro\u00dfe innere Bereitschaft, Verf\u00fcgbarkeit, Freude und ein weites Herz.<\/p>\n<p>\n<\/div><\/div><\/div><\/div><\/div><\/div><div class=\"kc-elm kc-css-80180 kc-row-container module\"><div class=\"wc-row row\"><div class=\"kc-wrap-columns\"><div class=\"kc-elm kc-css-431207 small-12 columns small-12\"><div class=\"kc-col-container\"><div class=\"kc-elm kc-css-388198 kc_shortcode kc_single_image\">\n\n        <img decoding=\"async\" src=\"https:\/\/www.mariengarten.it\/zisterzienserinnen-kloster\/wp-content\/uploads\/2018\/04\/0-P1210303.jpg\" class=\"\" alt=\"\" \/>    <\/div>\n<\/div><\/div><div class=\"kc-elm kc-css-859586 small-12 columns small-12\"><div class=\"kc-col-container\"><div class=\"kc-elm kc-css-591060 kc_text_block\"><\/p>\n<p>\nDie Eucharistiefeier, das Stundengebet, die geistliche Lesung (lectio divina), das pers\u00f6nliche Gebet und die Meditation bilden die Eckpfeiler unseres geistlichen Lebens.\u00a0 Die Verehrung Marias ist in unserem Orden fest verankert; an sie wenden wir uns voll Vertrauen. Maria am Weg: Unsere Norbertus-Kapelle ist w\u00e4hrend des Tages immer offen und l\u00e4dt Beter und Pilger ein, in der Stille des Gotteshauses vor der Piet\u00e0 (Schmerzensmutter) ein wenig zu verweilen und Anliegen und Sorgen der Gottesmutter anzuvertrauen.<\/p>\n<p>\n<\/div><\/div><\/div><\/div><\/div><\/div><div class=\"kc-elm kc-css-752568 kc-row-container module\"><div class=\"wc-row row\"><div class=\"kc-wrap-columns\"><div class=\"kc-elm kc-css-793613 small-12 columns small-12\"><div class=\"kc-col-container\"><div class=\"kc-elm kc-css-281263 kc_shortcode kc_single_image\">\n\n        <img decoding=\"async\" src=\"https:\/\/www.mariengarten.it\/zisterzienserinnen-kloster\/wp-content\/uploads\/2018\/04\/0-P1210301.jpg\" class=\"\" alt=\"\" \/>    <\/div>\n<\/div><\/div><div class=\"kc-elm kc-css-536986 small-12 columns small-12\"><div class=\"kc-col-container\"><div class=\"kc-elm kc-css-943233 kc_text_block\"><\/p>\n<p>\nImmer wieder wenden sich Menschen an uns mit der Bitte, sie in unser t\u00e4gliches Gebet einzuschlie\u00dfen, ihre Anliegen vor Gott zu bringen und sie in ihren Leiden und N\u00f6ten nicht zu vergessen. In der Webseite der Di\u00f6zese Bozen-Brixen: http:\/\/www.bz-bx.net ist unsere Gemeinschaft angef\u00fchrt, der, wie vereinbart, anonym Gebetsanliegen mitgeteilt werden. Du kannst, wenn Du willst, Dich mit Deinen Anliegen auch direkt an uns wenden.<\/p>\n<p>\n<\/div><\/div><\/div><\/div><\/div><\/div><\/p>\n","protected":false},"excerpt":{"rendered":"","protected":false},"author":2,"featured_media":0,"parent":156,"menu_order":0,"comment_status":"closed","ping_status":"closed","template":"","meta":{"footnotes":""},"class_list":["post-690","page","type-page","status-publish","hentry"],"_links":{"self":[{"href":"https:\/\/www.mariengarten.it\/zisterzienserinnen-kloster\/wp-json\/wp\/v2\/pages\/690","targetHints":{"allow":["GET"]}}],"collection":[{"href":"https:\/\/www.mariengarten.it\/zisterzienserinnen-kloster\/wp-json\/wp\/v2\/pages"}],"about":[{"href":"https:\/\/www.mariengarten.it\/zisterzienserinnen-kloster\/wp-json\/wp\/v2\/types\/page"}],"author":[{"embeddable":true,"href":"https:\/\/www.mariengarten.it\/zisterzienserinnen-kloster\/wp-json\/wp\/v2\/users\/2"}],"replies":[{"embeddable":true,"href":"https:\/\/www.mariengarten.it\/zisterzienserinnen-kloster\/wp-json\/wp\/v2\/comments?post=690"}],"version-history":[{"count":29,"href":"https:\/\/www.mariengarten.it\/zisterzienserinnen-kloster\/wp-json\/wp\/v2\/pages\/690\/revisions"}],"predecessor-version":[{"id":1253,"href":"https:\/\/www.mariengarten.it\/zisterzienserinnen-kloster\/wp-json\/wp\/v2\/pages\/690\/revisions\/1253"}],"up":[{"embeddable":true,"href":"https:\/\/www.mariengarten.it\/zisterzienserinnen-kloster\/wp-json\/wp\/v2\/pages\/156"}],"wp:attachment":[{"href":"https:\/\/www.mariengarten.it\/zisterzienserinnen-kloster\/wp-json\/wp\/v2\/media?parent=690"}],"curies":[{"name":"wp","href":"https:\/\/api.w.org\/{rel}","templated":true}]}}

<p><div class="kc-elm kc-css-213563 kc-row-container module"><div class="wc-row row"><div class="kc-wrap-columns"><div class="kc-elm kc-css-762268 small-12 columns small-12"><div class="kc-col-container"><div class="kc-elm kc-css-393124 kc_shortcode kc_single_image">

        <img decoding="async" src="https://www.mariengarten.it/zisterzienserinnen-kloster/wp-content/uploads/2018/04/0-P1210301-1.jpg" class="" alt="" />    </div>
</div></div><div class="kc-elm kc-css-477997 small-12 columns small-12"><div class="kc-col-container"><div class="kc-elm kc-css-367587 kc_text_block"></p>
<p>
Treu den Idealen des Zisterzienserordens wollen wir Schwestern in allem Gott suchen in aller Einfachheit und Demut mit dem Blick auf Jesus Christus, der uns in seine Nachfolge ruft. Dieses Leben erfordert eine große innere Bereitschaft, Verfügbarkeit, Freude und ein weites Herz.</p>
<p>
</div></div></div></div></div></div><div class="kc-elm kc-css-80180 kc-row-container module"><div class="wc-row row"><div class="kc-wrap-columns"><div class="kc-elm kc-css-431207 small-12 columns small-12"><div class="kc-col-container"><div class="kc-elm kc-css-388198 kc_shortcode kc_single_image">

        <img decoding="async" src="https://www.mariengarten.it/zisterzienserinnen-kloster/wp-content/uploads/2018/04/0-P1210303.jpg" class="" alt="" />    </div>
</div></div><div class="kc-elm kc-css-859586 small-12 columns small-12"><div class="kc-col-container"><div class="kc-elm kc-css-591060 kc_text_block"></p>
<p>
Die Eucharistiefeier, das Stundengebet, die geistliche Lesung (lectio divina), das persönliche Gebet und die Meditation bilden die Eckpfeiler unseres geistlichen Lebens.  Die Verehrung Marias ist in unserem Orden fest verankert; an sie wenden wir uns voll Vertrauen. Maria am Weg: Unsere Norbertus-Kapelle ist während des Tages immer offen und lädt Beter und Pilger ein, in der Stille des Gotteshauses vor der Pietà (Schmerzensmutter) ein wenig zu verweilen und Anliegen und Sorgen der Gottesmutter anzuvertrauen.</p>
<p>
</div></div></div></div></div></div><div class="kc-elm kc-css-752568 kc-row-container module"><div class="wc-row row"><div class="kc-wrap-columns"><div class="kc-elm kc-css-793613 small-12 columns small-12"><div class="kc-col-container"><div class="kc-elm kc-css-281263 kc_shortcode kc_single_image">

        <img decoding="async" src="https://www.mariengarten.it/zisterzienserinnen-kloster/wp-content/uploads/2018/04/0-P1210301.jpg" class="" alt="" />    </div>
</div></div><div class="kc-elm kc-css-536986 small-12 columns small-12"><div class="kc-col-container"><div class="kc-elm kc-css-943233 kc_text_block"></p>
<p>
Immer wieder wenden sich Menschen an uns mit der Bitte, sie in unser tägliches Gebet einzuschließen, ihre Anliegen vor Gott zu bringen und sie in ihren Leiden und Nöten nicht zu vergessen. In der Webseite der Diözese Bozen-Brixen: http://www.bz-bx.net ist unsere Gemeinschaft angeführt, der, wie vereinbart, anonym Gebetsanliegen mitgeteilt werden. Du kannst, wenn Du willst, Dich mit Deinen Anliegen auch direkt an uns wenden.</p>
<p>
</div></div></div></div></div></div></p>
