{"id":168,"date":"2016-11-25T10:18:39","date_gmt":"2016-11-25T10:18:39","guid":{"rendered":"https:\/\/www.webfulcreations.com\/themes\/education\/?page_id=168"},"modified":"2017-05-14T13:25:19","modified_gmt":"2017-05-14T13:25:19","slug":"kontakt","status":"publish","type":"page","link":"https:\/\/www.mariengarten.it\/zisterzienserinnen-kloster\/kontakt\/","title":{"rendered":"Kontakt &#038; Anfahrt"},"content":{"rendered":"<p><div class=\"kc-elm kc-css-461901 kc-row-container module\"><div class=\"wc-row row\"><div class=\"kc-wrap-columns\"><div class=\"kc-elm kc-css-390100 small-12 columns small-12\"><div class=\"kc-col-container\"><div class=\"kc-elm kc-css-602369 kc_google_maps kc_shortcode\"><div style=\"height: 350px\" class=\"kc-google-maps\"><iframe src=\"https:\/\/www.google.com\/maps\/embed?pb=!1m18!1m12!1m3!1d1360.6976547166646!2d11.26519970218132!3d46.470203657964014!2m3!1f0!2f0!3f0!3m2!1i1024!2i768!4f13.1!3m3!1m2!1s0x0%3A0xa4a823c17407ad85!2sMariengarten+-+Convento+E+Istituto+-+S.Paolo!5e1!3m2!1sde!2sit!4v1492865366668\" height=\"350\" frameborder=\"0\" style=\"border:0\" allowfullscreen><\/iframe><\/div><\/div><\/div><\/div><\/div><\/div><\/div><div class=\"kc-elm kc-css-48013 kc-row-container module\"><div class=\"wc-row row\"><div class=\"kc-wrap-columns\"><div class=\"kc-elm kc-css-520382 small-12 columns small-12\"><div class=\"kc-col-container\"><div class=\"kc-elm kc-css-196096 kc_text_block\"><\/p>\n<h2>S\u00fcdtirol Kloster Mariengarten<\/h2>\n<p>Zisterzienserinnen-Kloster<br \/>\nSchloss-Warth-Weg 31<br \/>\nI-39057 St. Pauls-Eppan<br \/>\nTel.: +39 0471 662 188<br \/>\nFax: +39 0471 660 959<br \/>\nE-Mail: info@mariengarten.it<br \/>\nMwSt.-Nr. 00412220212<br \/>\nKonto: Raika St. Pauls, IBAN: IT 12 N 08255 58161 000301 004484<\/p>\n<h2>Anfahrt:<\/h2>\n<p>Wenn Sie mit dem Auto \u00fcber den Reschenpass kommen, k\u00f6nnen Sie die Schnellstra\u00dfe ab MERAN (Richtung Bozen) bis zur Abzweigung EPPAN nehmen, dann Richtung Kaltern, Mendel. Auf dieser Stra\u00dfe sehen Sie nach ca. 3 km das Schild ST. PAULS. Die Stra\u00dfe f\u00fchrt auf die Anh\u00f6he des Dorfes, und gleich am Eingang des Dorfes rechts befindet sich unser Kloster Mariengarten.<\/p>\n<p>Wenn Sie auf der Autobahn \u00fcber den Brenner kommen, nehmen Sie die Ausfahrt BOZEN S\u00dcD, dann Richtung MERAN durch den Tunnel bis zur Abzweigung EPPAN. Auf dieser Stra\u00dfe sehen Sie nach ca. 3 km das Schild ST. PAULS. Die Stra\u00dfe f\u00fchrt auf die Anh\u00f6he des Dorfes, und gleich am Eingang des Dorfes rechts befindet sich unser Kloster Mariengarten.<\/p>\n<p>\n<\/div><\/div><\/div><\/div><\/div><\/div><\/p>\n","protected":false},"excerpt":{"rendered":"","protected":false},"author":2,"featured_media":0,"parent":0,"menu_order":0,"comment_status":"closed","ping_status":"closed","template":"template-modules.php","meta":{"footnotes":""},"class_list":["post-168","page","type-page","status-publish","hentry"],"_links":{"self":[{"href":"https:\/\/www.mariengarten.it\/zisterzienserinnen-kloster\/wp-json\/wp\/v2\/pages\/168","targetHints":{"allow":["GET"]}}],"collection":[{"href":"https:\/\/www.mariengarten.it\/zisterzienserinnen-kloster\/wp-json\/wp\/v2\/pages"}],"about":[{"href":"https:\/\/www.mariengarten.it\/zisterzienserinnen-kloster\/wp-json\/wp\/v2\/types\/page"}],"author":[{"embeddable":true,"href":"https:\/\/www.mariengarten.it\/zisterzienserinnen-kloster\/wp-json\/wp\/v2\/users\/2"}],"replies":[{"embeddable":true,"href":"https:\/\/www.mariengarten.it\/zisterzienserinnen-kloster\/wp-json\/wp\/v2\/comments?post=168"}],"version-history":[{"count":11,"href":"https:\/\/www.mariengarten.it\/zisterzienserinnen-kloster\/wp-json\/wp\/v2\/pages\/168\/revisions"}],"predecessor-version":[{"id":930,"href":"https:\/\/www.mariengarten.it\/zisterzienserinnen-kloster\/wp-json\/wp\/v2\/pages\/168\/revisions\/930"}],"wp:attachment":[{"href":"https:\/\/www.mariengarten.it\/zisterzienserinnen-kloster\/wp-json\/wp\/v2\/media?parent=168"}],"curies":[{"name":"wp","href":"https:\/\/api.w.org\/{rel}","templated":true}]}}