{"id":7637,"date":"2021-06-07T20:29:25","date_gmt":"2021-06-07T20:29:25","guid":{"rendered":"http:\/\/www2.mariengarten.it\/internatsschule\/?page_id=7637"},"modified":"2023-03-10T16:14:24","modified_gmt":"2023-03-10T15:14:24","slug":"transparenz","status":"publish","type":"page","link":"https:\/\/www.mariengarten.it\/internatsschule\/kontakt-service\/transparenz\/","title":{"rendered":"Transparente Verwaltung"},"content":{"rendered":"<div class=\"kc-elm kc-css-481193 kc-row-container module\"><div class=\"wc-row row\"><div class=\"kc-wrap-columns\"><div class=\"kc-elm kc-css-267446 small-12 columns small-12\"><div class=\"kc-col-container\"><div class=\"kc-elm kc-css-644800 kc_text_block\"><\/p>\n<p>Transparente Verwaltung<br \/>Erhaltene Bruttobeitr\u00e4ge von \u00f6ffentlichen Institutionen im Jahr 2022<br \/>Gem\u00e4\u00df Art. 1, Absatz 125 des Gesetzes Nr. 124 vom 04.08.2017 weist die Verwaltung der Internatsschule Mariengarten darauf hin, folgende Beitr\u00e4ge und Subventionen von \u00f6ffentlichen Institutionen, \u00f6ffentlichen gewerblichen K\u00f6rperschaften, \u00f6ffentlich beteiligten Unternehmen oder rechtlich oder faktisch direkt oder indirekt von der \u00f6ffentlichen Verwaltung kontrollierten Gesellschaften vor Abzug eventueller Steuereinbehalte erhalten zu haben:<\/p>\n<table style=\"height: 346px;\" width=\"1212\">\n<tbody>\n<tr>\n<td width=\"149\">Z.AAW.<\/td>\n<td width=\"149\">Z.AAw.Datum<\/td>\n<td width=\"149\">Gesamtbet.<\/td>\n<td width=\"149\">Bruttover.<\/td>\n<td width=\"149\">Vorst.Abz.<\/td>\n<td width=\"149\">Nettobeitrag<\/td>\n<\/tr>\n<tr>\n<td width=\"149\">6599<\/td>\n<td width=\"149\">14.02.2022<\/td>\n<td width=\"149\">353.750,00<\/td>\n<td width=\"149\">353.750,00<\/td>\n<td width=\"149\">14.150,00<\/td>\n<td width=\"149\">339.600,00<\/td>\n<\/tr>\n<tr>\n<td width=\"149\">10186<\/td>\n<td width=\"149\">01.03.2022<\/td>\n<td width=\"149\">88.128,00<\/td>\n<td width=\"149\">88.128,00<\/td>\n<td width=\"149\">3.525,12<\/td>\n<td width=\"149\">84.602,88<\/td>\n<\/tr>\n<tr>\n<td width=\"149\">20564<\/td>\n<td width=\"149\">28.03.2022<\/td>\n<td width=\"149\">44.064,00<\/td>\n<td width=\"149\">44.064,00<\/td>\n<td width=\"149\">1.762,56<\/td>\n<td width=\"149\">42.301,44<\/td>\n<\/tr>\n<tr>\n<td width=\"149\">31301<\/td>\n<td width=\"149\">04.05.2022<\/td>\n<td width=\"149\">393.802,42<\/td>\n<td width=\"149\">393.802,42<\/td>\n<td width=\"149\">15.752,10<\/td>\n<td width=\"149\">378.050,32<\/td>\n<\/tr>\n<tr>\n<td width=\"149\">67244<\/td>\n<td width=\"149\">01.09.2022<\/td>\n<td width=\"149\">76.896,00<\/td>\n<td width=\"149\">76.896,00<\/td>\n<td width=\"149\">3.075,84<\/td>\n<td width=\"149\">73.820,16<\/td>\n<\/tr>\n<tr>\n<td width=\"149\">77905<\/td>\n<td width=\"149\">14.10.2022<\/td>\n<td width=\"149\">33.725,00<\/td>\n<td width=\"149\">33.725,00<\/td>\n<td width=\"149\">1.349,00<\/td>\n<td width=\"149\">32.376,00<\/td>\n<\/tr>\n<tr>\n<td width=\"149\">77906<\/td>\n<td width=\"149\">14.10.2022<\/td>\n<td width=\"149\">66.251,00<\/td>\n<td width=\"149\">66.251,00<\/td>\n<td width=\"149\">2.650,04<\/td>\n<td width=\"149\">63.600,96<\/td>\n<\/tr>\n<tr>\n<td width=\"149\">11543<\/td>\n<td width=\"149\">08.07.2022<\/td>\n<td width=\"149\">\u00a0<\/td>\n<td width=\"149\">\u00a0<\/td>\n<td width=\"149\">\u00a0<\/td>\n<td width=\"149\">5.720,00<\/td>\n<\/tr>\n<tr>\n<td width=\"149\">GSE<\/td>\n<td width=\"149\">\u00a0<\/td>\n<td width=\"149\">\u00a0<\/td>\n<td width=\"149\">\u00a0<\/td>\n<td width=\"149\">\u00a0<\/td>\n<td width=\"149\">7.386,07<\/td>\n<\/tr>\n<tr>\n<td width=\"149\">Gemeinde<\/td>\n<td width=\"149\">\u00a0<\/td>\n<td width=\"149\">\u00a0<\/td>\n<td width=\"149\">\u00a0<\/td>\n<td width=\"149\">\u00a0<\/td>\n<td width=\"149\">7.480,00<\/td>\n<\/tr>\n<tr>\n<td colspan=\"2\" width=\"298\">GESAMTSUMME<\/td>\n<td width=\"149\">1.056.616,42<\/td>\n<td width=\"149\">1.056.616,42<\/td>\n<td width=\"149\">42.264,66<\/td>\n<td width=\"149\">1.034.937,83<\/td>\n<\/tr>\n<\/tbody>\n<\/table>\n<div id=\"corporate_console\">\n<nav id=\"language_choice\" title=\"Sprachwahl\">Mit Dank an die zust\u00e4ndigen Stellen weisen wir darauf hin, dass die T\u00e4tigkeiten und Investitionen durch die Autonome Provinz Bozen, Abteilung Bildungsf\u00f6rderung und<\/nav>\n<nav title=\"Sprachwahl\">Schulfinanzierung bzw. der Abteilung f\u00fcr Familie, Soziales und Gemeinschaft unterst\u00fctzt wurden.<\/nav>\n<nav title=\"Sprachwahl\"><\/nav>\n<nav title=\"Sprachwahl\">Herzliche Danke an die Landesverwaltung<\/nav>\n<\/div>\n<nav title=\"Sprachwahl\"><\/nav>\n<div id=\"corporate_console\">\n<nav title=\"Sprachwahl\">Unsere Sommeraktivit\u00e4ten 2021 wurden von der Famieinagentur mit 12.569,90 Euro bezuschusst.<\/nav>\n<nav title=\"Sprachwahl\"><\/nav>\n<\/div>\n<nav title=\"Sprachwahl\"><a href=\"https:\/\/www.provinz.bz.it\/de\/\"><img decoding=\"async\" class=\"logo_sm alignleft\" src=\"https:\/\/www.provinz.bz.it\/lv\/css\/img\/logo_adler.png\" alt=\"Autonome Provinz Bozen - S\u00fcdtirol\" \/><\/a><img loading=\"lazy\" decoding=\"async\" class=\"alignleft\" src=\"http:\/\/www.mariengarten.it\/internatsschule\/wp-content\/uploads\/2023\/03\/Logo-Familienagentur.jpg\" alt=\"\" width=\"161\" height=\"91\" \/><\/nav>\n<nav title=\"Sprachwahl\"><\/nav>\n<div id=\"corporate_console\">\n<nav title=\"Sprachwahl\">\n<div class=\"lv_logo_container\">\n<div id=\"logo_sm\">\n<div>\u00a0<\/div>\n<\/div>\n<\/div>\n<\/nav>\n<\/div>\n<p>\n<\/div><\/div><\/div><\/div><\/div><\/div>\n","protected":false},"excerpt":{"rendered":"","protected":false},"author":4,"featured_media":0,"parent":1180,"menu_order":0,"comment_status":"closed","ping_status":"closed","template":"","meta":{"two_page_speed":[],"footnotes":""},"class_list":["post-7637","page","type-page","status-publish","hentry"],"_links":{"self":[{"href":"https:\/\/www.mariengarten.it\/internatsschule\/wp-json\/wp\/v2\/pages\/7637","targetHints":{"allow":["GET"]}}],"collection":[{"href":"https:\/\/www.mariengarten.it\/internatsschule\/wp-json\/wp\/v2\/pages"}],"about":[{"href":"https:\/\/www.mariengarten.it\/internatsschule\/wp-json\/wp\/v2\/types\/page"}],"author":[{"embeddable":true,"href":"https:\/\/www.mariengarten.it\/internatsschule\/wp-json\/wp\/v2\/users\/4"}],"replies":[{"embeddable":true,"href":"https:\/\/www.mariengarten.it\/internatsschule\/wp-json\/wp\/v2\/comments?post=7637"}],"version-history":[{"count":18,"href":"https:\/\/www.mariengarten.it\/internatsschule\/wp-json\/wp\/v2\/pages\/7637\/revisions"}],"predecessor-version":[{"id":11162,"href":"https:\/\/www.mariengarten.it\/internatsschule\/wp-json\/wp\/v2\/pages\/7637\/revisions\/11162"}],"up":[{"embeddable":true,"href":"https:\/\/www.mariengarten.it\/internatsschule\/wp-json\/wp\/v2\/pages\/1180"}],"wp:attachment":[{"href":"https:\/\/www.mariengarten.it\/internatsschule\/wp-json\/wp\/v2\/media?parent=7637"}],"curies":[{"name":"wp","href":"https:\/\/api.w.org\/{rel}","templated":true}]}}

<div class="kc-elm kc-css-481193 kc-row-container module"><div class="wc-row row"><div class="kc-wrap-columns"><div class="kc-elm kc-css-267446 small-12 columns small-12"><div class="kc-col-container"><div class="kc-elm kc-css-644800 kc_text_block"></p>
<p>Transparente Verwaltung<br />Erhaltene Bruttobeiträge von öffentlichen Institutionen im Jahr 2022<br />Gemäß Art. 1, Absatz 125 des Gesetzes Nr. 124 vom 04.08.2017 weist die Verwaltung der Internatsschule Mariengarten darauf hin, folgende Beiträge und Subventionen von öffentlichen Institutionen, öffentlichen gewerblichen Körperschaften, öffentlich beteiligten Unternehmen oder rechtlich oder faktisch direkt oder indirekt von der öffentlichen Verwaltung kontrollierten Gesellschaften vor Abzug eventueller Steuereinbehalte erhalten zu haben:</p>
<table style="height: 346px;" width="1212">
<tbody>
<tr>
<td width="149">Z.AAW.</td>
<td width="149">Z.AAw.Datum</td>
<td width="149">Gesamtbet.</td>
<td width="149">Bruttover.</td>
<td width="149">Vorst.Abz.</td>
<td width="149">Nettobeitrag</td>
</tr>
<tr>
<td width="149">6599</td>
<td width="149">14.02.2022</td>
<td width="149">353.750,00</td>
<td width="149">353.750,00</td>
<td width="149">14.150,00</td>
<td width="149">339.600,00</td>
</tr>
<tr>
<td width="149">10186</td>
<td width="149">01.03.2022</td>
<td width="149">88.128,00</td>
<td width="149">88.128,00</td>
<td width="149">3.525,12</td>
<td width="149">84.602,88</td>
</tr>
<tr>
<td width="149">20564</td>
<td width="149">28.03.2022</td>
<td width="149">44.064,00</td>
<td width="149">44.064,00</td>
<td width="149">1.762,56</td>
<td width="149">42.301,44</td>
</tr>
<tr>
<td width="149">31301</td>
<td width="149">04.05.2022</td>
<td width="149">393.802,42</td>
<td width="149">393.802,42</td>
<td width="149">15.752,10</td>
<td width="149">378.050,32</td>
</tr>
<tr>
<td width="149">67244</td>
<td width="149">01.09.2022</td>
<td width="149">76.896,00</td>
<td width="149">76.896,00</td>
<td width="149">3.075,84</td>
<td width="149">73.820,16</td>
</tr>
<tr>
<td width="149">77905</td>
<td width="149">14.10.2022</td>
<td width="149">33.725,00</td>
<td width="149">33.725,00</td>
<td width="149">1.349,00</td>
<td width="149">32.376,00</td>
</tr>
<tr>
<td width="149">77906</td>
<td width="149">14.10.2022</td>
<td width="149">66.251,00</td>
<td width="149">66.251,00</td>
<td width="149">2.650,04</td>
<td width="149">63.600,96</td>
</tr>
<tr>
<td width="149">11543</td>
<td width="149">08.07.2022</td>
<td width="149"> </td>
<td width="149"> </td>
<td width="149"> </td>
<td width="149">5.720,00</td>
</tr>
<tr>
<td width="149">GSE</td>
<td width="149"> </td>
<td width="149"> </td>
<td width="149"> </td>
<td width="149"> </td>
<td width="149">7.386,07</td>
</tr>
<tr>
<td width="149">Gemeinde</td>
<td width="149"> </td>
<td width="149"> </td>
<td width="149"> </td>
<td width="149"> </td>
<td width="149">7.480,00</td>
</tr>
<tr>
<td colspan="2" width="298">GESAMTSUMME</td>
<td width="149">1.056.616,42</td>
<td width="149">1.056.616,42</td>
<td width="149">42.264,66</td>
<td width="149">1.034.937,83</td>
</tr>
</tbody>
</table>
<div id="corporate_console">
<nav id="language_choice" title="Sprachwahl">Mit Dank an die zuständigen Stellen weisen wir darauf hin, dass die Tätigkeiten und Investitionen durch die Autonome Provinz Bozen, Abteilung Bildungsförderung und</nav>
<nav title="Sprachwahl">Schulfinanzierung bzw. der Abteilung für Familie, Soziales und Gemeinschaft unterstützt wurden.</nav>
<nav title="Sprachwahl"></nav>
<nav title="Sprachwahl">Herzliche Danke an die Landesverwaltung</nav>
</div>
<nav title="Sprachwahl"></nav>
<div id="corporate_console">
<nav title="Sprachwahl">Unsere Sommeraktivitäten 2021 wurden von der Famieinagentur mit 12.569,90 Euro bezuschusst.</nav>
<nav title="Sprachwahl"></nav>
</div>
<nav title="Sprachwahl"><a href="https://www.provinz.bz.it/de/"><img decoding="async" class="logo_sm alignleft" src="https://www.provinz.bz.it/lv/css/img/logo_adler.png" alt="Autonome Provinz Bozen - Südtirol" /></a><img loading="lazy" decoding="async" class="alignleft" src="http://www.mariengarten.it/internatsschule/wp-content/uploads/2023/03/Logo-Familienagentur.jpg" alt="" width="161" height="91" /></nav>
<nav title="Sprachwahl"></nav>
<div id="corporate_console">
<nav title="Sprachwahl">
<div class="lv_logo_container">
<div id="logo_sm">
<div> </div>
</div>
</div>
</nav>
</div>
<p>
</div></div></div></div></div></div>
