{"id":3015,"date":"2018-05-25T19:41:29","date_gmt":"2018-05-25T19:41:29","guid":{"rendered":"http:\/\/www2.mariengarten.it\/internatsschule\/?page_id=3015"},"modified":"2023-02-12T19:51:34","modified_gmt":"2023-02-12T18:51:34","slug":"ueber-uns","status":"publish","type":"page","link":"https:\/\/www.mariengarten.it\/internatsschule\/ueber-uns\/","title":{"rendered":"\u00dcber uns"},"content":{"rendered":"<div class=\"kc-elm kc-css-439727 kc-row-container module\"><div class=\"wc-row row\"><div class=\"kc-wrap-columns\"><div class=\"kc-elm kc-css-464694 small-12 columns small-12\"><div class=\"kc-col-container\"><div class=\"kc-elm kc-css-332017 kc_shortcode kc_single_image\">\n\n        <img decoding=\"async\" src=\"https:\/\/www.mariengarten.it\/internatsschule\/wp-content\/uploads\/2018\/05\/00-P111027-11.jpg\" class=\"\" alt=\"\" \/>    <\/div>\n<\/div><\/div><div class=\"kc-elm kc-css-725231 small-12 columns small-12\"><div class=\"kc-col-container\"><div class=\"kc-elm kc-css-991126 kc_text_block\"><\/p>\n<p>\n&#8230; klein, aber fein &#8230;<\/p>\n<p>Der Blick aus dem Schulfenster f\u00e4llt nicht auf Verkehrsstra\u00dfen, auf das Grau st\u00e4dtischer Mietskasernen, sondern auf den Klostergarten oder die schmale Kirchturmspitze. Wiesen und Felder rundherum, hier l\u00e4sst es sich in Stille und Konzentration lernen.<\/p>\n<p>In den gl\u00e4sernen Waben der Klassenzimmer hocken Sch\u00fclerinnen und Sch\u00fcler und sammeln eifrig Wissen und K\u00f6nnen. Es ist eine \u00fcberschaubare Schar, jeder kennt jeden, und \u00fcber Klassen- und Altersgrenzen hinweg steht einer dem anderen helfend zur Seite.<br \/>Auch f\u00fcr Spiel und Spa\u00df ist gesorgt: Als begr\u00fcnte Rampe ragt der Sportplatz \u00fcber die Paulsner H\u00f6hle, der Torst\u00fcrmer hat den Bozner Talkessel zu F\u00fc\u00dfen, aber keine Sorge, jeder Ball geht ins Netz.<br \/>Manchmal verwandelt sich der Klosterpark in ein weites Klassenzimmer, wird zur Theaterb\u00fchne oder zum Leseraum in der Sonne. Und in den sp\u00e4ten Fr\u00fchlingswochen ist auch f\u00fcr Erfrischung gesorgt: Die rauchenden K\u00f6pfe finden Abk\u00fchlung im neuen Schwimmbad.<br \/>Miteinander und voneinander lernen, die Lehrer nicht ausgenommen. Heimelig ist es und famili\u00e4r.<br \/>Nicht nur beim Gebet am Morgen oder zu den verschiedenen Festen im Kirchenjahr, Gott geh\u00f6rt zur Schulgemeinschaft dazu. Der Unterricht h\u00e4ngt nicht im luftleeren Raum auswendig zu lernenden Formeln und Begriffserkl\u00e4rungen.<br \/>Manchmal wird die Tageszeitung zum Schulbuch und die Nachrichtensendung vom Vorabend zum Lernstoff. Wir stehen in der Welt, mitten im zeitpolitischen Gewirr und scheuen die Auseinandersetzung nicht.<\/p>\n<p>\n<\/div><\/div><\/div><\/div><\/div><\/div>\n","protected":false},"excerpt":{"rendered":"","protected":false},"author":4,"featured_media":0,"parent":0,"menu_order":0,"comment_status":"closed","ping_status":"closed","template":"","meta":{"two_page_speed":null,"footnotes":""},"class_list":["post-3015","page","type-page","status-publish","hentry"],"_links":{"self":[{"href":"https:\/\/www.mariengarten.it\/internatsschule\/wp-json\/wp\/v2\/pages\/3015","targetHints":{"allow":["GET"]}}],"collection":[{"href":"https:\/\/www.mariengarten.it\/internatsschule\/wp-json\/wp\/v2\/pages"}],"about":[{"href":"https:\/\/www.mariengarten.it\/internatsschule\/wp-json\/wp\/v2\/types\/page"}],"author":[{"embeddable":true,"href":"https:\/\/www.mariengarten.it\/internatsschule\/wp-json\/wp\/v2\/users\/4"}],"replies":[{"embeddable":true,"href":"https:\/\/www.mariengarten.it\/internatsschule\/wp-json\/wp\/v2\/comments?post=3015"}],"version-history":[{"count":6,"href":"https:\/\/www.mariengarten.it\/internatsschule\/wp-json\/wp\/v2\/pages\/3015\/revisions"}],"predecessor-version":[{"id":10847,"href":"https:\/\/www.mariengarten.it\/internatsschule\/wp-json\/wp\/v2\/pages\/3015\/revisions\/10847"}],"wp:attachment":[{"href":"https:\/\/www.mariengarten.it\/internatsschule\/wp-json\/wp\/v2\/media?parent=3015"}],"curies":[{"name":"wp","href":"https:\/\/api.w.org\/{rel}","templated":true}]}}

Über uns

<div class="kc-elm kc-css-439727 kc-row-container module"><div class="wc-row row"><div class="kc-wrap-columns"><div class="kc-elm kc-css-464694 small-12 columns small-12"><div class="kc-col-container"><div class="kc-elm kc-css-332017 kc_shortcode kc_single_image">

        <img decoding="async" src="https://www.mariengarten.it/internatsschule/wp-content/uploads/2018/05/00-P111027-11.jpg" class="" alt="" />    </div>
</div></div><div class="kc-elm kc-css-725231 small-12 columns small-12"><div class="kc-col-container"><div class="kc-elm kc-css-991126 kc_text_block"></p>
<p>
&#8230; klein, aber fein &#8230;</p>
<p>Der Blick aus dem Schulfenster fällt nicht auf Verkehrsstraßen, auf das Grau städtischer Mietskasernen, sondern auf den Klostergarten oder die schmale Kirchturmspitze. Wiesen und Felder rundherum, hier lässt es sich in Stille und Konzentration lernen.</p>
<p>In den gläsernen Waben der Klassenzimmer hocken Schülerinnen und Schüler und sammeln eifrig Wissen und Können. Es ist eine überschaubare Schar, jeder kennt jeden, und über Klassen- und Altersgrenzen hinweg steht einer dem anderen helfend zur Seite.<br />Auch für Spiel und Spaß ist gesorgt: Als begrünte Rampe ragt der Sportplatz über die Paulsner Höhle, der Torstürmer hat den Bozner Talkessel zu Füßen, aber keine Sorge, jeder Ball geht ins Netz.<br />Manchmal verwandelt sich der Klosterpark in ein weites Klassenzimmer, wird zur Theaterbühne oder zum Leseraum in der Sonne. Und in den späten Frühlingswochen ist auch für Erfrischung gesorgt: Die rauchenden Köpfe finden Abkühlung im neuen Schwimmbad.<br />Miteinander und voneinander lernen, die Lehrer nicht ausgenommen. Heimelig ist es und familiär.<br />Nicht nur beim Gebet am Morgen oder zu den verschiedenen Festen im Kirchenjahr, Gott gehört zur Schulgemeinschaft dazu. Der Unterricht hängt nicht im luftleeren Raum auswendig zu lernenden Formeln und Begriffserklärungen.<br />Manchmal wird die Tageszeitung zum Schulbuch und die Nachrichtensendung vom Vorabend zum Lernstoff. Wir stehen in der Welt, mitten im zeitpolitischen Gewirr und scheuen die Auseinandersetzung nicht.</p>
<p>
</div></div></div></div></div></div>
