{"id":1182,"date":"2017-08-27T11:53:48","date_gmt":"2017-08-27T11:53:48","guid":{"rendered":"http:\/\/www2.mariengarten.it\/internatsschule\/?page_id=1182"},"modified":"2024-04-26T09:03:27","modified_gmt":"2024-04-26T07:03:27","slug":"tagesablauf","status":"publish","type":"page","link":"https:\/\/www.mariengarten.it\/internatsschule\/tagesablauf\/","title":{"rendered":"Tagesablauf und Jahresbericht"},"content":{"rendered":"<p><div class=\"kc-elm kc-css-568342 kc-row-container module\"><div class=\"wc-row row\"><div class=\"kc-wrap-columns\"><div class=\"kc-elm kc-css-722447 small-12 columns small-12\"><div class=\"kc-col-container\"><div class=\"kc-elm kc-css-216947 kc_shortcode kc_single_image\">\n\n        <img decoding=\"async\" src=\"https:\/\/www.mariengarten.it\/internatsschule\/wp-content\/plugins\/kingcomposer\/assets\/images\/get_start.jpg\" class=\"kc_image_empty\" alt=\"\" \/>    <\/div>\n<div class=\"kc-elm kc-css-734526 kc_text_block\"><\/p>\n<h3>\u00a0<\/h3>\n<h3>Keine Chance f\u00fcr Langeweile!<\/h3>\n<p>Wo entstehen die sch\u00f6nsten Freundschaften? Wo sammle ich lustige Erinnerungen? Wo lassen sich Gemeinschaft und Verantwortung erproben? Wo lerne ich Kameradschaft, wo ist aber auch gen\u00fcgend Platz f\u00fcr Spa\u00df? Wo ist nicht alles nur Alltag, wo erlebe ich auch religi\u00f6ses Innehalte? Wo wird Flei\u00df belohnt, zu Sauberkeit und Ordnung erzogen?<br \/><strong>&#8230; im Internat von Mariengarten<\/strong><\/p>\n<p><strong>\u00a0<\/strong><\/p>\n<table class=\"contenttable\">\n<tbody>\n<tr>\n<td rowspan=\"1\">\u00a0<\/td>\n<td colspan=\"4\" rowspan=\"1\">\n<h4>\u00a0Und so schaut ein Tag in Mariengarten aus:<\/h4>\n<\/td>\n<\/tr>\n<tr>\n<td>\u00a0<\/td>\n<td>\n<p class=\"bodytext\"><b>07.00<\/b><\/p>\n<\/td>\n<td>\u00a0<\/td>\n<td>\n<p class=\"bodytext\"><b>&#8230; raus aus den Federn mit Musik! Ein Morgengebet, so kann an diesem neuen Tag nichts schiefgehen.<\/b><\/p>\n<\/td>\n<td>\u00a0<\/td>\n<\/tr>\n<tr>\n<td>\u00a0<\/td>\n<td>\n<p class=\"bodytext\"><b>07.30<\/b><\/p>\n<\/td>\n<td>\u00a0<\/td>\n<td>\n<p class=\"bodytext\"><b>Fr\u00fchst\u00fcck. Schnell wird das Zimmer aufger\u00e4umt.<\/b><\/p>\n<\/td>\n<td>\u00a0<\/td>\n<\/tr>\n<tr>\n<td>\u00a0<\/td>\n<td>\n<p class=\"bodytext\"><b>07.45<\/b><\/p>\n<\/td>\n<td>\u00a0<\/td>\n<td>\n<p class=\"bodytext\"><b>In f\u00fcnf Minuten beginnt der Unterricht.<\/b><\/p>\n<p class=\"bodytext\">\n<\/td>\n<td>\u00a0<\/td>\n<\/tr>\n<tr>\n<td>\u00a0<\/td>\n<td>\n<p class=\"bodytext\"><b>10.15<\/b><\/p>\n<\/td>\n<td>\u00a0<\/td>\n<td>\n<p class=\"bodytext\"><b>Pause. Am Sportplatz wird gekickt, im Schulhof stehen die Gruppen zusammen und plaudern<\/b><\/p>\n<\/td>\n<td>\u00a0<\/td>\n<\/tr>\n<tr>\n<td rowspan=\"1\">\u00a0<\/td>\n<td rowspan=\"1\">\n<p class=\"bodytext\"><b>13.15<\/b><\/p>\n<\/td>\n<td rowspan=\"1\">\u00a0<\/td>\n<td rowspan=\"1\">\n<p class=\"bodytext\"><b>Was Gemeinsames Mittagessen<\/b><\/p>\n<p class=\"bodytext\">\n<\/td>\n<td rowspan=\"1\">\u00a0<\/td>\n<\/tr>\n<tr>\n<td rowspan=\"1\">\u00a0<\/td>\n<td rowspan=\"1\">\n<p class=\"bodytext\"><b>13.55<\/b><\/p>\n<\/td>\n<td rowspan=\"1\">\u00a0<\/td>\n<td rowspan=\"1\">\n<p class=\"bodytext\"><b>Erstmal abschalten: Spielen im Park oder gem\u00fctliches D\u00f6sen im Schulhof. Ausgang\u00a0 f\u00fcr die Drittkl\u00e4ssler<\/b><\/p>\n<p class=\"bodytext\">\n<\/td>\n<td rowspan=\"1\">\u00a0<\/td>\n<\/tr>\n<tr>\n<td rowspan=\"1\">\u00a0<\/td>\n<td rowspan=\"1\">\n<p class=\"bodytext\"><b>14.45<\/b><\/p>\n<\/td>\n<td rowspan=\"1\">\u00a0<\/td>\n<td rowspan=\"1\">\n<p class=\"bodytext\"><b>Jetzt arbeiten die K\u00f6pfe auf Hochtouren: Hausaufgaben, Lernzeit! Hilfe ist garantiert. Nachmittagskurse: Gitarre, Klavier, Sport, \u2026<\/b><\/p>\n<\/td>\n<td rowspan=\"1\">\u00a0<\/td>\n<\/tr>\n<tr>\n<td rowspan=\"1\">\u00a0<\/td>\n<td rowspan=\"1\">\n<p class=\"bodytext\"><b>15.50<\/b><\/p>\n<\/td>\n<td rowspan=\"1\">\u00a0<\/td>\n<td rowspan=\"1\">\n<p class=\"bodytext\"><b>Pause. Jause und ab auf den Sportplatz<\/b><\/p>\n<p class=\"bodytext\">\n<\/td>\n<td rowspan=\"1\">\u00a0<\/td>\n<\/tr>\n<tr>\n<td rowspan=\"1\">\u00a0<\/td>\n<td rowspan=\"1\">\n<p class=\"bodytext\"><b>16.20<\/b><\/p>\n<\/td>\n<td rowspan=\"1\">\u00a0<\/td>\n<td rowspan=\"1\">\n<p class=\"bodytext\"><b>Endspurt, noch einmal ran an B\u00fccher und Hefte!<\/b><\/p>\n<p class=\"bodytext\">\n<\/td>\n<td rowspan=\"1\">\u00a0<\/td>\n<\/tr>\n<tr>\n<td rowspan=\"1\">\u00a0<\/td>\n<td rowspan=\"1\">\n<p class=\"bodytext\"><b>17.10<\/b><\/p>\n<\/td>\n<td rowspan=\"1\">\u00a0<\/td>\n<td rowspan=\"1\">\n<p class=\"bodytext\"><b>Relaxen ist nun angesagt!<\/b><\/p>\n<p class=\"bodytext\">\n<\/td>\n<td rowspan=\"1\">\u00a0<\/td>\n<\/tr>\n<tr>\n<td rowspan=\"1\">\u00a0<\/td>\n<td rowspan=\"1\">\n<p class=\"bodytext\"><b>18.00<\/b><\/p>\n<\/td>\n<td rowspan=\"1\">\u00a0<\/td>\n<td rowspan=\"1\">\n<p class=\"bodytext\"><b>Abendessen<\/b><\/p>\n<p class=\"bodytext\">\n<\/td>\n<td rowspan=\"1\">\u00a0<\/td>\n<\/tr>\n<tr>\n<td rowspan=\"1\">\u00a0<\/td>\n<td rowspan=\"1\">\n<p class=\"bodytext\"><b>18.30<\/b><\/p>\n<\/td>\n<td rowspan=\"1\">\u00a0<\/td>\n<td rowspan=\"1\">\n<p class=\"bodytext\"><b>Freizeit. Keine Chance f\u00fcr Langeweile! Treffpunkt Bibliothek, Playbackshow, Modenschau, Beautyabend, basteln\u2026<\/b><\/p>\n<p class=\"bodytext\">\n<\/td>\n<td rowspan=\"1\">\u00a0<\/td>\n<\/tr>\n<tr>\n<td rowspan=\"1\">\u00a0<\/td>\n<td rowspan=\"1\">\n<p class=\"bodytext\"><b>20.00<\/b><\/p>\n<\/td>\n<td rowspan=\"1\">\u00a0<\/td>\n<td rowspan=\"1\">\n<p class=\"bodytext\"><b>Abendgebet. Den Tag \u00fcberdenken, Gott danken und einwenig still werden &#8230; das tut auch einmal gut<\/b><\/p>\n<p class=\"bodytext\">\n<\/td>\n<td rowspan=\"1\">\u00a0<\/td>\n<\/tr>\n<tr>\n<td rowspan=\"1\">\u00a0<\/td>\n<td rowspan=\"1\">\u00a0<\/td>\n<td rowspan=\"1\">\u00a0<\/td>\n<td rowspan=\"1\">\n<p class=\"bodytext\"><b>Lernwiederholung<\/b><\/p>\n<p class=\"bodytext\">\n<\/td>\n<td rowspan=\"1\">\u00a0<\/td>\n<\/tr>\n<tr>\n<td rowspan=\"1\">\u00a0<\/td>\n<td rowspan=\"1\">\n<p class=\"bodytext\"><b>20.15<\/b><\/p>\n<\/td>\n<td rowspan=\"1\">\u00a0<\/td>\n<td rowspan=\"1\">\n<p class=\"bodytext\"><b>Erste, zweite und dritte Klasse, nach der Reihe schl\u00fcpfen sie unter die Decke.<\/b><\/p>\n<\/td>\n<td rowspan=\"1\">\u00a0<\/td>\n<\/tr>\n<tr>\n<td rowspan=\"1\">\u00a0<\/td>\n<td rowspan=\"1\">\u00a0<\/td>\n<td rowspan=\"1\">\u00a0<\/td>\n<td rowspan=\"1\">\n<p class=\"bodytext\"><b>Und \u00fcber die Nachtruhe wachen die hellh\u00f6rigen Nachteulen und so manch\u00a0scharf\u00e4ugige Erzieherin!<\/b><\/p>\n<\/td>\n<\/tr>\n<\/tbody>\n<\/table>\n<p>\n<\/div><\/div><\/div><\/div><\/div><\/div><div class=\"kc-elm kc-css-59245 kc-row-container module\"><div class=\"wc-row row\"><div class=\"kc-wrap-columns\"><div class=\"kc-elm kc-css-483046 small-12 columns small-12\"><div class=\"kc-col-container\"><div class=\"kc-elm kc-css-840496 kc_text_block\"><\/p>\n<h2>Jahresbericht!\u00a0\u00a0\u00a0<a href=\"http:\/\/www.mariengarten.it\/internatsschule\/wp-content\/uploads\/2024\/04\/Jahresbericht-2022-23.pdf\">Link<\/a><\/h2>\n<p>\n<\/div><\/div><\/div><\/div><\/div><\/div><\/p>\n","protected":false},"excerpt":{"rendered":"","protected":false},"author":2,"featured_media":0,"parent":0,"menu_order":0,"comment_status":"closed","ping_status":"closed","template":"","meta":{"two_page_speed":[],"footnotes":""},"class_list":["post-1182","page","type-page","status-publish","hentry"],"_links":{"self":[{"href":"https:\/\/www.mariengarten.it\/internatsschule\/wp-json\/wp\/v2\/pages\/1182","targetHints":{"allow":["GET"]}}],"collection":[{"href":"https:\/\/www.mariengarten.it\/internatsschule\/wp-json\/wp\/v2\/pages"}],"about":[{"href":"https:\/\/www.mariengarten.it\/internatsschule\/wp-json\/wp\/v2\/types\/page"}],"author":[{"embeddable":true,"href":"https:\/\/www.mariengarten.it\/internatsschule\/wp-json\/wp\/v2\/users\/2"}],"replies":[{"embeddable":true,"href":"https:\/\/www.mariengarten.it\/internatsschule\/wp-json\/wp\/v2\/comments?post=1182"}],"version-history":[{"count":51,"href":"https:\/\/www.mariengarten.it\/internatsschule\/wp-json\/wp\/v2\/pages\/1182\/revisions"}],"predecessor-version":[{"id":13118,"href":"https:\/\/www.mariengarten.it\/internatsschule\/wp-json\/wp\/v2\/pages\/1182\/revisions\/13118"}],"wp:attachment":[{"href":"https:\/\/www.mariengarten.it\/internatsschule\/wp-json\/wp\/v2\/media?parent=1182"}],"curies":[{"name":"wp","href":"https:\/\/api.w.org\/{rel}","templated":true}]}}