{"id":1111,"date":"2017-08-15T09:20:25","date_gmt":"2017-08-15T09:20:25","guid":{"rendered":"http:\/\/www2.mariengarten.it\/internatsschule\/?page_id=1111"},"modified":"2023-09-15T11:25:00","modified_gmt":"2023-09-15T09:25:00","slug":"anmeldung","status":"publish","type":"page","link":"https:\/\/www.mariengarten.it\/internatsschule\/kontakt-service\/anmeldung\/","title":{"rendered":"Anmeldungsformalit\u00e4ten"},"content":{"rendered":"<p><div class=\"kc-elm kc-css-258162 kc-row-container module\"><div class=\"wc-row row\"><div class=\"kc-wrap-columns\"><div class=\"kc-elm kc-css-616263 small-12 columns small-12\"><div class=\"kc-col-container\"><div class=\"kc-elm kc-css-840528 kc_shortcode kc_single_image\">\n\n        <img decoding=\"async\" src=\"https:\/\/www.mariengarten.it\/internatsschule\/wp-content\/plugins\/kingcomposer\/assets\/images\/get_start.jpg\" class=\"kc_image_empty\" alt=\"\" \/>    <\/div>\n<div class=\"kc-elm kc-css-834314 kc_text_block\"><\/p>\n<h3>\u00a0<\/h3>\n<h3><strong>Informationen zur Einschreibung in Schule und Internat<\/strong><\/h3>\n<p>Die Mittelschule Mariengarten ist den Schulen staatlicher Art rechtlich gleichgestellt (\u201escuola paritaria\u201c).<\/p>\n<p>Das Internat wird als Vollheim und Tagesheim angeboten.<\/p>\n<p>Bitte melden sie sich zu einer unserer Hausvorstellungen an, bei denen Sie alle n\u00f6tigen Informationen erhalten. Sie finden ab Anfang Oktober statt. Vormerkungen nimmt unser Schulsekretariat gerne entgegen <br \/>(Tel.: +39 0471 1390499 zwischen 08.30 Uhr und 11.45 Uhr, E-Mail: <a href=\"sekretariat@mariengarten.it\">sekretariat@mariengarten.it<\/a>).\u00a0<span style=\"font-style: inherit;\">Da die Pl\u00e4tze begrenzt sind, ist es g\u00fcnstig, sich fr\u00fchzeitig, d.h. ab der zweiten Septemberwoche, zu diesen Hausf\u00fchrungen anzumelden. Eine weitere Gelegenheit, Mariengarten kennenzulernen ist unser Tag der offenen T\u00fcr, der meist im Ende April oder Mai stattfindet. Die genauen Termine dazu ver\u00f6ffentlichen wir j\u00e4hrlich auf unserer Homepage.<\/span><\/p>\n<p>F\u00fcr die Aufnahme in das Internat ist ein Vorstellungsgespr\u00e4ch mit der Heimf\u00fchrung vorgesehen, auch hier nimmt das Sekretariat gerne die Vormerkung entgegen.<\/p>\n<p>\n<\/div><\/div><\/div><\/div><\/div><\/div><div class=\"kc-elm kc-css-941962 kc-row-container module\"><div class=\"wc-row row\"><div class=\"kc-wrap-columns\"><div class=\"kc-elm kc-css-731327 small-12 columns small-12\"><div class=\"kc-col-container\"><\/div><\/div><\/div><\/div><\/div><\/p>\n","protected":false},"excerpt":{"rendered":"","protected":false},"author":2,"featured_media":0,"parent":1180,"menu_order":0,"comment_status":"closed","ping_status":"closed","template":"","meta":{"two_page_speed":[],"footnotes":""},"class_list":["post-1111","page","type-page","status-publish","hentry"],"_links":{"self":[{"href":"https:\/\/www.mariengarten.it\/internatsschule\/wp-json\/wp\/v2\/pages\/1111","targetHints":{"allow":["GET"]}}],"collection":[{"href":"https:\/\/www.mariengarten.it\/internatsschule\/wp-json\/wp\/v2\/pages"}],"about":[{"href":"https:\/\/www.mariengarten.it\/internatsschule\/wp-json\/wp\/v2\/types\/page"}],"author":[{"embeddable":true,"href":"https:\/\/www.mariengarten.it\/internatsschule\/wp-json\/wp\/v2\/users\/2"}],"replies":[{"embeddable":true,"href":"https:\/\/www.mariengarten.it\/internatsschule\/wp-json\/wp\/v2\/comments?post=1111"}],"version-history":[{"count":22,"href":"https:\/\/www.mariengarten.it\/internatsschule\/wp-json\/wp\/v2\/pages\/1111\/revisions"}],"predecessor-version":[{"id":12283,"href":"https:\/\/www.mariengarten.it\/internatsschule\/wp-json\/wp\/v2\/pages\/1111\/revisions\/12283"}],"up":[{"embeddable":true,"href":"https:\/\/www.mariengarten.it\/internatsschule\/wp-json\/wp\/v2\/pages\/1180"}],"wp:attachment":[{"href":"https:\/\/www.mariengarten.it\/internatsschule\/wp-json\/wp\/v2\/media?parent=1111"}],"curies":[{"name":"wp","href":"https:\/\/api.w.org\/{rel}","templated":true}]}}

Anmeldungsformalitäten

<p><div class="kc-elm kc-css-258162 kc-row-container module"><div class="wc-row row"><div class="kc-wrap-columns"><div class="kc-elm kc-css-616263 small-12 columns small-12"><div class="kc-col-container"><div class="kc-elm kc-css-840528 kc_shortcode kc_single_image">

        <img decoding="async" src="https://www.mariengarten.it/internatsschule/wp-content/plugins/kingcomposer/assets/images/get_start.jpg" class="kc_image_empty" alt="" />    </div>
<div class="kc-elm kc-css-834314 kc_text_block"></p>
<h3> </h3>
<h3><strong>Informationen zur Einschreibung in Schule und Internat</strong></h3>
<p>Die Mittelschule Mariengarten ist den Schulen staatlicher Art rechtlich gleichgestellt („scuola paritaria“).</p>
<p>Das Internat wird als Vollheim und Tagesheim angeboten.</p>
<p>Bitte melden sie sich zu einer unserer Hausvorstellungen an, bei denen Sie alle nötigen Informationen erhalten. Sie finden ab Anfang Oktober statt. Vormerkungen nimmt unser Schulsekretariat gerne entgegen <br />(Tel.: +39 0471 1390499 zwischen 08.30 Uhr und 11.45 Uhr, E-Mail: <a href="sekretariat@mariengarten.it">sekretariat@mariengarten.it</a>). <span style="font-style: inherit;">Da die Plätze begrenzt sind, ist es günstig, sich frühzeitig, d.h. ab der zweiten Septemberwoche, zu diesen Hausführungen anzumelden. Eine weitere Gelegenheit, Mariengarten kennenzulernen ist unser Tag der offenen Tür, der meist im Ende April oder Mai stattfindet. Die genauen Termine dazu veröffentlichen wir jährlich auf unserer Homepage.</span></p>
<p>Für die Aufnahme in das Internat ist ein Vorstellungsgespräch mit der Heimführung vorgesehen, auch hier nimmt das Sekretariat gerne die Vormerkung entgegen.</p>
<p>
</div></div></div></div></div></div><div class="kc-elm kc-css-941962 kc-row-container module"><div class="wc-row row"><div class="kc-wrap-columns"><div class="kc-elm kc-css-731327 small-12 columns small-12"><div class="kc-col-container"></div></div></div></div></div></p>
